{"id":578,"date":"2026-04-27T21:35:44","date_gmt":"2026-04-27T19:35:44","guid":{"rendered":"https:\/\/new.boxy.ma\/?post_type=product&#038;p=578"},"modified":"2026-04-27T21:36:28","modified_gmt":"2026-04-27T19:36:28","slug":"100-cuilleres-jetables-ecologiques-en-bois-biodegradables-165-cm","status":"publish","type":"product","link":"https:\/\/new.boxy.ma\/index.php\/produit\/100-cuilleres-jetables-ecologiques-en-bois-biodegradables-165-cm\/","title":{"rendered":"100 Cuill\u00e8res jetables \u00e9cologiques en bois biod\u00e9gradables 16,5 cm"},"content":{"rendered":"<ul>\n<li><strong>Conforme aux normes :<\/strong> CE<\/li>\n<li><strong>Dimensions : 16,5 cm<\/strong><\/li>\n<li><strong>Couleur :<\/strong> Bois Nature<\/li>\n<li><strong>Mati\u00e8re :<\/strong> Bois 100% naturel<\/li>\n<li><strong>Carton :<\/strong> 100 unites<\/li>\n<\/ul>\n","protected":false},"excerpt":{"rendered":"<h3><strong>Des fourchettes 100% \u00e9cologiques<br \/>\n<\/strong><\/h3>\n<p><strong>Ces Cuill\u00e8res jetables en bois <\/strong>peuvent s&rsquo;utiliser aussi bien pour des plats chauds que froids.<\/p>\n<p><strong>La Cuill\u00e8res en bois jetable de 16,5 cm <\/strong>poss\u00e8de un design naturel et \u00e9l\u00e9gant.<\/p>\n<p>Les <strong>Cuill\u00e8res jetables en bois\u00a0<\/strong>sont solides et ne transmettent aucun gout aux aliments<br \/>\nCes Cuill\u00e8res bois sont tr\u00e8s souvent utilis\u00e9es par les traiteurs et les acteurs de la restauration rapide qui d\u00e9sirent proposer une gamme d&#8217;emballage \u00e9cologique et pratique<\/p>\n<p>Cette vaisselle jetable<strong>\u00a0<\/strong>s\u00e9duira tous vos clients gr\u00e2ce \u00e0 son design sobre et atypique .<\/p>\n","protected":false},"featured_media":657,"comment_status":"open","ping_status":"closed","template":"","meta":[],"product_brand":[],"product_cat":[56,55],"product_tag":[],"class_list":{"0":"post-578","1":"product","2":"type-product","3":"status-publish","4":"has-post-thumbnail","6":"product_cat-emballages-ecologiques","7":"product_cat-vaisselle-serviettes","9":"first","10":"instock","11":"sale","12":"shipping-taxable","13":"purchasable","14":"product-type-simple"},"_links":{"self":[{"href":"https:\/\/new.boxy.ma\/index.php\/wp-json\/wp\/v2\/product\/578","targetHints":{"allow":["GET"]}}],"collection":[{"href":"https:\/\/new.boxy.ma\/index.php\/wp-json\/wp\/v2\/product"}],"about":[{"href":"https:\/\/new.boxy.ma\/index.php\/wp-json\/wp\/v2\/types\/product"}],"replies":[{"embeddable":true,"href":"https:\/\/new.boxy.ma\/index.php\/wp-json\/wp\/v2\/comments?post=578"}],"wp:featuredmedia":[{"embeddable":true,"href":"https:\/\/new.boxy.ma\/index.php\/wp-json\/wp\/v2\/media\/657"}],"wp:attachment":[{"href":"https:\/\/new.boxy.ma\/index.php\/wp-json\/wp\/v2\/media?parent=578"}],"wp:term":[{"taxonomy":"product_brand","embeddable":true,"href":"https:\/\/new.boxy.ma\/index.php\/wp-json\/wp\/v2\/product_brand?post=578"},{"taxonomy":"product_cat","embeddable":true,"href":"https:\/\/new.boxy.ma\/index.php\/wp-json\/wp\/v2\/product_cat?post=578"},{"taxonomy":"product_tag","embeddable":true,"href":"https:\/\/new.boxy.ma\/index.php\/wp-json\/wp\/v2\/product_tag?post=578"}],"curies":[{"name":"wp","href":"https:\/\/api.w.org\/{rel}","templated":true}]}}