{"id":575,"date":"2026-04-27T21:35:43","date_gmt":"2026-04-27T19:35:43","guid":{"rendered":"https:\/\/new.boxy.ma\/?post_type=product&#038;p=575"},"modified":"2026-04-27T21:36:24","modified_gmt":"2026-04-27T19:36:24","slug":"bol-salade-en-kraft-ronde-25-oz-avec-couvercle-transparent-par-50-unites","status":"publish","type":"product","link":"https:\/\/new.boxy.ma\/index.php\/produit\/bol-salade-en-kraft-ronde-25-oz-avec-couvercle-transparent-par-50-unites\/","title":{"rendered":"Bol Salade en KRAFT ronde 25 oz avec couvercle transparent &#8211; par 50 unites"},"content":{"rendered":"<ul>\n<li><strong>Conforme aux normes :<\/strong> CE<\/li>\n<li><strong>Dimensions : 25 oz \/ 20&#215;7 cm<\/strong><\/li>\n<li><strong>Couleur :<\/strong> Maron<\/li>\n<li><strong>Mati\u00e8re : KRAFT<\/strong><\/li>\n<li><strong>Carton :<\/strong> 20 paquet<\/li>\n<\/ul>\n","protected":false},"excerpt":{"rendered":"<h3><strong>Bol salade kraft 25 oz<br \/>\n<\/strong><\/h3>\n<p>Ces boites \u00e0 salade permettent de mettre en valeur vos produits gr\u00e2ce \u00e0 un emballage de qualit\u00e9. Elles sont vendues avec leur couvercle en polypropyl\u00e8ne transparent pour assurer une visibilit\u00e9 optimale du contenu.<\/p>\n<p>Conditionn\u00e9e par paquet de 50 barquettes en KRAFT .<\/p>\n","protected":false},"featured_media":392,"comment_status":"open","ping_status":"closed","template":"","meta":[],"product_brand":[],"product_cat":[47,56],"product_tag":[],"class_list":{"0":"post-575","1":"product","2":"type-product","3":"status-publish","4":"has-post-thumbnail","6":"product_cat-barquettes-pots-bols","7":"product_cat-emballages-ecologiques","9":"first","10":"instock","11":"sale","12":"shipping-taxable","13":"purchasable","14":"product-type-simple"},"_links":{"self":[{"href":"https:\/\/new.boxy.ma\/index.php\/wp-json\/wp\/v2\/product\/575","targetHints":{"allow":["GET"]}}],"collection":[{"href":"https:\/\/new.boxy.ma\/index.php\/wp-json\/wp\/v2\/product"}],"about":[{"href":"https:\/\/new.boxy.ma\/index.php\/wp-json\/wp\/v2\/types\/product"}],"replies":[{"embeddable":true,"href":"https:\/\/new.boxy.ma\/index.php\/wp-json\/wp\/v2\/comments?post=575"}],"wp:featuredmedia":[{"embeddable":true,"href":"https:\/\/new.boxy.ma\/index.php\/wp-json\/wp\/v2\/media\/392"}],"wp:attachment":[{"href":"https:\/\/new.boxy.ma\/index.php\/wp-json\/wp\/v2\/media?parent=575"}],"wp:term":[{"taxonomy":"product_brand","embeddable":true,"href":"https:\/\/new.boxy.ma\/index.php\/wp-json\/wp\/v2\/product_brand?post=575"},{"taxonomy":"product_cat","embeddable":true,"href":"https:\/\/new.boxy.ma\/index.php\/wp-json\/wp\/v2\/product_cat?post=575"},{"taxonomy":"product_tag","embeddable":true,"href":"https:\/\/new.boxy.ma\/index.php\/wp-json\/wp\/v2\/product_tag?post=575"}],"curies":[{"name":"wp","href":"https:\/\/api.w.org\/{rel}","templated":true}]}}