{"id":574,"date":"2026-04-27T21:35:43","date_gmt":"2026-04-27T19:35:43","guid":{"rendered":"https:\/\/new.boxy.ma\/?post_type=product&#038;p=574"},"modified":"2026-04-27T21:36:24","modified_gmt":"2026-04-27T19:36:24","slug":"100-gobelets-en-carton-a-cafe-ondule-lux-4-oz-avec-couvercle-blanc-isothermes","status":"publish","type":"product","link":"https:\/\/new.boxy.ma\/index.php\/produit\/100-gobelets-en-carton-a-cafe-ondule-lux-4-oz-avec-couvercle-blanc-isothermes\/","title":{"rendered":"100 Gobelets en carton \u00e0 cafe Ondul\u00e9 LUX  4 oz avec Couvercle blanc isothermes"},"content":{"rendered":"<ul>\n<li><strong>Conforme aux normes :<\/strong> CE<\/li>\n<li><strong>Dimensions :<\/strong> 4 OZ<\/li>\n<li><strong>Couleur : <\/strong>KRAFT Ondul\u00e9<\/li>\n<li><strong>Mati\u00e8re :<\/strong> CARTON<\/li>\n<li><strong>Carton :<\/strong> 10 PACKS<\/li>\n<\/ul>\n","protected":false},"excerpt":{"rendered":"<p><strong>Ce gobelet Kraft Ondul\u00e9e avec couvercles blancs\u00a0 : que vous soyez propri\u00e9taire d&rsquo;un caf\u00e9, ou que vous soyez \u00e0 la recherche de gobelets en papier de qualit\u00e9 pour votre f\u00eate d&rsquo;anniversaire, votre restaurant, votre salle de pause, votre mariage ou toute autre occasion, alors votre qu\u00eate s&rsquo;arr\u00eate ici. Nos gobelets \u00e0 caf\u00e9 isothermes sont id\u00e9ales pour d\u00e9guster du th\u00e9 chaud<\/strong><\/p>\n","protected":false},"featured_media":650,"comment_status":"open","ping_status":"closed","template":"","meta":[],"product_brand":[],"product_cat":[64,56,55],"product_tag":[],"class_list":{"0":"post-574","1":"product","2":"type-product","3":"status-publish","4":"has-post-thumbnail","6":"product_cat-acces-metiers","7":"product_cat-emballages-ecologiques","8":"product_cat-vaisselle-serviettes","10":"first","11":"instock","12":"sale","13":"shipping-taxable","14":"purchasable","15":"product-type-simple"},"_links":{"self":[{"href":"https:\/\/new.boxy.ma\/index.php\/wp-json\/wp\/v2\/product\/574","targetHints":{"allow":["GET"]}}],"collection":[{"href":"https:\/\/new.boxy.ma\/index.php\/wp-json\/wp\/v2\/product"}],"about":[{"href":"https:\/\/new.boxy.ma\/index.php\/wp-json\/wp\/v2\/types\/product"}],"replies":[{"embeddable":true,"href":"https:\/\/new.boxy.ma\/index.php\/wp-json\/wp\/v2\/comments?post=574"}],"wp:featuredmedia":[{"embeddable":true,"href":"https:\/\/new.boxy.ma\/index.php\/wp-json\/wp\/v2\/media\/650"}],"wp:attachment":[{"href":"https:\/\/new.boxy.ma\/index.php\/wp-json\/wp\/v2\/media?parent=574"}],"wp:term":[{"taxonomy":"product_brand","embeddable":true,"href":"https:\/\/new.boxy.ma\/index.php\/wp-json\/wp\/v2\/product_brand?post=574"},{"taxonomy":"product_cat","embeddable":true,"href":"https:\/\/new.boxy.ma\/index.php\/wp-json\/wp\/v2\/product_cat?post=574"},{"taxonomy":"product_tag","embeddable":true,"href":"https:\/\/new.boxy.ma\/index.php\/wp-json\/wp\/v2\/product_tag?post=574"}],"curies":[{"name":"wp","href":"https:\/\/api.w.org\/{rel}","templated":true}]}}