{"id":493,"date":"2026-04-27T21:35:01","date_gmt":"2026-04-27T19:35:01","guid":{"rendered":"https:\/\/new.boxy.ma\/?post_type=product&#038;p=493"},"modified":"2026-04-27T21:35:38","modified_gmt":"2026-04-27T19:35:38","slug":"100-barquettes-en-aluminium-ovale-avec-couvercle-pour-poulet","status":"publish","type":"product","link":"https:\/\/new.boxy.ma\/index.php\/produit\/100-barquettes-en-aluminium-ovale-avec-couvercle-pour-poulet\/","title":{"rendered":"100 Barquettes en aluminium OVALE avec couvercle pour poulet"},"content":{"rendered":"<ul>\n<li><strong>Conforme aux normes :<\/strong> CE<\/li>\n<li><strong>Dimensions :<\/strong> 25&#215;19,5&#215;9 cm \/ 2400 ml<\/li>\n<li><strong>Couleur :<\/strong> ALUMINIUM<\/li>\n<li><strong>Mati\u00e8re :<\/strong> ALUMINIUM<\/li>\n<li><strong>Carton :<\/strong> 500 unites \u00ab\u00a0<\/li>\n<\/ul>\n","protected":false},"excerpt":{"rendered":"<p><strong>Barquettes en aluminium OVALE sp\u00e9cialement \u00e9tudier pour le poulet r\u00f4ti d&rsquo;une contenance de 2400ml et le moule est en aluminium jetables qui conviennent pour cuire, r\u00e9chauffer ou m\u00eame congeler les pr\u00e9parations. Ce type de contenant en aluminium jetable est id\u00e9al pour la vente \u00e0 emporter de poulet r\u00f4ti de plats \u00e0 r\u00e9chauffer dans un m\u00eame emballage<\/strong><\/p>\n","protected":false},"featured_media":558,"comment_status":"open","ping_status":"closed","template":"","meta":[],"product_brand":[],"product_cat":[47],"product_tag":[],"class_list":{"0":"post-493","1":"product","2":"type-product","3":"status-publish","4":"has-post-thumbnail","6":"product_cat-barquettes-pots-bols","8":"first","9":"instock","10":"sale","11":"shipping-taxable","12":"purchasable","13":"product-type-simple"},"_links":{"self":[{"href":"https:\/\/new.boxy.ma\/index.php\/wp-json\/wp\/v2\/product\/493","targetHints":{"allow":["GET"]}}],"collection":[{"href":"https:\/\/new.boxy.ma\/index.php\/wp-json\/wp\/v2\/product"}],"about":[{"href":"https:\/\/new.boxy.ma\/index.php\/wp-json\/wp\/v2\/types\/product"}],"replies":[{"embeddable":true,"href":"https:\/\/new.boxy.ma\/index.php\/wp-json\/wp\/v2\/comments?post=493"}],"wp:featuredmedia":[{"embeddable":true,"href":"https:\/\/new.boxy.ma\/index.php\/wp-json\/wp\/v2\/media\/558"}],"wp:attachment":[{"href":"https:\/\/new.boxy.ma\/index.php\/wp-json\/wp\/v2\/media?parent=493"}],"wp:term":[{"taxonomy":"product_brand","embeddable":true,"href":"https:\/\/new.boxy.ma\/index.php\/wp-json\/wp\/v2\/product_brand?post=493"},{"taxonomy":"product_cat","embeddable":true,"href":"https:\/\/new.boxy.ma\/index.php\/wp-json\/wp\/v2\/product_cat?post=493"},{"taxonomy":"product_tag","embeddable":true,"href":"https:\/\/new.boxy.ma\/index.php\/wp-json\/wp\/v2\/product_tag?post=493"}],"curies":[{"name":"wp","href":"https:\/\/api.w.org\/{rel}","templated":true}]}}