{"id":415,"date":"2026-04-27T21:34:18","date_gmt":"2026-04-27T19:34:18","guid":{"rendered":"https:\/\/new.boxy.ma\/?post_type=product&#038;p=415"},"modified":"2026-04-27T21:34:57","modified_gmt":"2026-04-27T19:34:57","slug":"100-gants-polyethylene-transparent-jetable","status":"publish","type":"product","link":"https:\/\/new.boxy.ma\/index.php\/produit\/100-gants-polyethylene-transparent-jetable\/","title":{"rendered":"100 Gants poly\u00e9thyl\u00e8ne transparent jetable"},"content":{"rendered":"<ul>\n<li><strong>Conforme aux normes :<\/strong> CE<\/li>\n<li><strong>Dimensions :<\/strong> M\u00e9dium\u00a0ou Large<\/li>\n<li><strong>Couleur :\u00a0<\/strong>TRANSPARENT<\/li>\n<li><strong>Mati\u00e8re :<\/strong> POLYETHYLENE<\/li>\n<li><strong>Carton :<\/strong> 100 Boites<\/li>\n<\/ul>\n","protected":false},"excerpt":{"rendered":"<p><strong>gants poly\u00e9thyl\u00e8ne multi-usages, d\u00e9di\u00e9s au m\u00e9tier de la restauration pour les cuisiniers , Faciles et rapides d&rsquo;utilisation .<\/strong><\/p>\n","protected":false},"featured_media":474,"comment_status":"open","ping_status":"closed","template":"","meta":[],"product_brand":[],"product_cat":[64,65],"product_tag":[],"class_list":{"0":"post-415","1":"product","2":"type-product","3":"status-publish","4":"has-post-thumbnail","6":"product_cat-acces-metiers","7":"product_cat-hygiene-produits-divers","9":"first","10":"instock","11":"sale","12":"shipping-taxable","13":"purchasable","14":"product-type-simple"},"_links":{"self":[{"href":"https:\/\/new.boxy.ma\/index.php\/wp-json\/wp\/v2\/product\/415","targetHints":{"allow":["GET"]}}],"collection":[{"href":"https:\/\/new.boxy.ma\/index.php\/wp-json\/wp\/v2\/product"}],"about":[{"href":"https:\/\/new.boxy.ma\/index.php\/wp-json\/wp\/v2\/types\/product"}],"replies":[{"embeddable":true,"href":"https:\/\/new.boxy.ma\/index.php\/wp-json\/wp\/v2\/comments?post=415"}],"wp:featuredmedia":[{"embeddable":true,"href":"https:\/\/new.boxy.ma\/index.php\/wp-json\/wp\/v2\/media\/474"}],"wp:attachment":[{"href":"https:\/\/new.boxy.ma\/index.php\/wp-json\/wp\/v2\/media?parent=415"}],"wp:term":[{"taxonomy":"product_brand","embeddable":true,"href":"https:\/\/new.boxy.ma\/index.php\/wp-json\/wp\/v2\/product_brand?post=415"},{"taxonomy":"product_cat","embeddable":true,"href":"https:\/\/new.boxy.ma\/index.php\/wp-json\/wp\/v2\/product_cat?post=415"},{"taxonomy":"product_tag","embeddable":true,"href":"https:\/\/new.boxy.ma\/index.php\/wp-json\/wp\/v2\/product_tag?post=415"}],"curies":[{"name":"wp","href":"https:\/\/api.w.org\/{rel}","templated":true}]}}