{"id":382,"date":"2026-04-27T21:33:57","date_gmt":"2026-04-27T19:33:57","guid":{"rendered":"https:\/\/new.boxy.ma\/?post_type=product&#038;p=382"},"modified":"2026-04-27T21:34:48","modified_gmt":"2026-04-27T19:34:48","slug":"recipiente-carton-kraft-noodles-par-50-unites","status":"publish","type":"product","link":"https:\/\/new.boxy.ma\/index.php\/produit\/recipiente-carton-kraft-noodles-par-50-unites\/","title":{"rendered":"Recipiente Carton Kraft Noodles , par 50 unites"},"content":{"rendered":"<p>&nbsp;<\/p>\n<ul>\n<li><strong>Conforme aux normes :<\/strong> CE<\/li>\n<li><strong>Dimensions : 930&#215;950 mm , 16oz\/480ml\u00a0<\/strong><\/li>\n<li><strong>Couleur :<\/strong> Kraft nature<\/li>\n<li><strong>Mati\u00e8re : kraft<\/strong><\/li>\n<li><strong>Carton :<\/strong> 300 unites<\/li>\n<\/ul>\n","protected":false},"excerpt":{"rendered":"<h1 class=\"h1 namne_details\">Pot \u00c0 P\u00e2tes En Carton Kraft<\/h1>\n<p>Nos plus grandes boites \u00e0 p\u00e2tes sont parfaites pour proposer des grandes quantit\u00e9s de plats \u00e0 base de nouilles asiatiques ou de penne, par exemple. Elles sont refermables sur 4 c\u00f4t\u00e9s, ce qui les rend id\u00e9ales pour la vente \u00e0 emporter ou la livraison. Leur rev\u00eatement en bioplastique garantit qu&rsquo;aucun contenu, tel que des sauces, ne puisse s&rsquo;\u00e9chapper par les extr\u00e9mit\u00e9s. Le papier kraft, mat\u00e9riau principal, en fait des produits durables et non-nocifs pour l&rsquo;environnement.<\/p>\n","protected":false},"featured_media":459,"comment_status":"open","ping_status":"closed","template":"","meta":[],"product_brand":[],"product_cat":[47,54,56],"product_tag":[],"class_list":{"0":"post-382","1":"product","2":"type-product","3":"status-publish","4":"has-post-thumbnail","6":"product_cat-barquettes-pots-bols","7":"product_cat-boites-etuis-carton","8":"product_cat-emballages-ecologiques","10":"first","11":"instock","12":"shipping-taxable","13":"purchasable","14":"product-type-simple"},"_links":{"self":[{"href":"https:\/\/new.boxy.ma\/index.php\/wp-json\/wp\/v2\/product\/382","targetHints":{"allow":["GET"]}}],"collection":[{"href":"https:\/\/new.boxy.ma\/index.php\/wp-json\/wp\/v2\/product"}],"about":[{"href":"https:\/\/new.boxy.ma\/index.php\/wp-json\/wp\/v2\/types\/product"}],"replies":[{"embeddable":true,"href":"https:\/\/new.boxy.ma\/index.php\/wp-json\/wp\/v2\/comments?post=382"}],"wp:featuredmedia":[{"embeddable":true,"href":"https:\/\/new.boxy.ma\/index.php\/wp-json\/wp\/v2\/media\/459"}],"wp:attachment":[{"href":"https:\/\/new.boxy.ma\/index.php\/wp-json\/wp\/v2\/media?parent=382"}],"wp:term":[{"taxonomy":"product_brand","embeddable":true,"href":"https:\/\/new.boxy.ma\/index.php\/wp-json\/wp\/v2\/product_brand?post=382"},{"taxonomy":"product_cat","embeddable":true,"href":"https:\/\/new.boxy.ma\/index.php\/wp-json\/wp\/v2\/product_cat?post=382"},{"taxonomy":"product_tag","embeddable":true,"href":"https:\/\/new.boxy.ma\/index.php\/wp-json\/wp\/v2\/product_tag?post=382"}],"curies":[{"name":"wp","href":"https:\/\/api.w.org\/{rel}","templated":true}]}}