{"id":337,"date":"2026-04-27T21:33:36","date_gmt":"2026-04-27T19:33:36","guid":{"rendered":"https:\/\/new.boxy.ma\/?post_type=product&#038;p=337"},"modified":"2026-04-27T21:34:08","modified_gmt":"2026-04-27T19:34:08","slug":"pot-de-sauce-en-pulpe-de-canne-a-sucre-2oz-60ml-avec-couvercle-pet-par-100u","status":"publish","type":"product","link":"https:\/\/new.boxy.ma\/index.php\/produit\/pot-de-sauce-en-pulpe-de-canne-a-sucre-2oz-60ml-avec-couvercle-pet-par-100u\/","title":{"rendered":"Pot de sauce\u00a0en\u00a0Pulpe\u00a0de\u00a0canne \u00e0 sucre 2oz\/60ml avec couvercle PET , Par 100u"},"content":{"rendered":"<p>&nbsp;<\/p>\n<ul>\n<li><strong>Conforme aux normes :<\/strong> CE<\/li>\n<li><strong>Dimensions :\u00a0 2oz\/60ml<\/strong><\/li>\n<li><strong>Couleur :<\/strong> blanc nature<\/li>\n<li><strong>Mati\u00e8re : Pulpe\u00a0de\u00a0canne \u00e0 sucre <\/strong><\/li>\n<li><strong>Carton :<\/strong> 20 paquet<\/li>\n<\/ul>\n","protected":false},"excerpt":{"rendered":"<h1 class=\"h1 page-title\">Pot \u00e0 sauce 100% biod\u00e9gradable<\/h1>\n<h5>Mini pots Pulpy Mini\u00a0blancs en\u00a0pulpe de canne \u00e0 sucre,\u00a0de diam\u00e8tre 60 mm et de hauteur 31 mm, de contenance 60 ml.<br \/>\n100 % biod\u00e9gradable et compostable,\u00a0ce\u00a0mini pot,\u00a0r\u00e9sistant et \u00e9tanche aux sauces et graisses, sera parfait pour la pr\u00e9sentation de mets tels\u00a0verrines\u00a0ou ap\u00e9ritifs culinaires.<br \/>\nPour des professionnels de la restauration soucieux du geste\u00a0\u00e9co-responsable\u00a0pour un confort identique voire meilleur \u00e0 des\u00a0mini pots\u00a0en plastique !<\/h5>\n","protected":false},"featured_media":400,"comment_status":"open","ping_status":"closed","template":"","meta":[],"product_brand":[],"product_cat":[47,56],"product_tag":[],"class_list":{"0":"post-337","1":"product","2":"type-product","3":"status-publish","4":"has-post-thumbnail","6":"product_cat-barquettes-pots-bols","7":"product_cat-emballages-ecologiques","9":"first","10":"instock","11":"sale","12":"shipping-taxable","13":"purchasable","14":"product-type-simple"},"_links":{"self":[{"href":"https:\/\/new.boxy.ma\/index.php\/wp-json\/wp\/v2\/product\/337","targetHints":{"allow":["GET"]}}],"collection":[{"href":"https:\/\/new.boxy.ma\/index.php\/wp-json\/wp\/v2\/product"}],"about":[{"href":"https:\/\/new.boxy.ma\/index.php\/wp-json\/wp\/v2\/types\/product"}],"replies":[{"embeddable":true,"href":"https:\/\/new.boxy.ma\/index.php\/wp-json\/wp\/v2\/comments?post=337"}],"wp:featuredmedia":[{"embeddable":true,"href":"https:\/\/new.boxy.ma\/index.php\/wp-json\/wp\/v2\/media\/400"}],"wp:attachment":[{"href":"https:\/\/new.boxy.ma\/index.php\/wp-json\/wp\/v2\/media?parent=337"}],"wp:term":[{"taxonomy":"product_brand","embeddable":true,"href":"https:\/\/new.boxy.ma\/index.php\/wp-json\/wp\/v2\/product_brand?post=337"},{"taxonomy":"product_cat","embeddable":true,"href":"https:\/\/new.boxy.ma\/index.php\/wp-json\/wp\/v2\/product_cat?post=337"},{"taxonomy":"product_tag","embeddable":true,"href":"https:\/\/new.boxy.ma\/index.php\/wp-json\/wp\/v2\/product_tag?post=337"}],"curies":[{"name":"wp","href":"https:\/\/api.w.org\/{rel}","templated":true}]}}