{"id":309,"date":"2026-04-27T21:33:13","date_gmt":"2026-04-27T19:33:13","guid":{"rendered":"https:\/\/new.boxy.ma\/?post_type=product&#038;p=309"},"modified":"2026-04-27T21:34:00","modified_gmt":"2026-04-27T19:34:00","slug":"godet-en-aluminium-dessert-135-ml-par-100-unites","status":"publish","type":"product","link":"https:\/\/new.boxy.ma\/index.php\/produit\/godet-en-aluminium-dessert-135-ml-par-100-unites\/","title":{"rendered":"Godet en aluminium D\u00e9ssert , 135 ml , par 100 unites"},"content":{"rendered":"<ul>\n<li><strong>Conforme aux normes :<\/strong> CE<\/li>\n<li><strong>Dimensions : 8&#215;4 cm<\/strong><\/li>\n<li><strong>Couleur :<\/strong> Nature<\/li>\n<li><strong>Mati\u00e8re : aluminium<\/strong><\/li>\n<li><strong>Carton :<\/strong> 50 paquet<\/li>\n<\/ul>\n","protected":false},"excerpt":{"rendered":"<h3><strong>Godet en aluminium<\/strong><\/h3>\n<p>Ces godets en aluminium sont id\u00e9als pour la cuisson, le transport mais \u00e9galement pour la pr\u00e9sentation de vos diff\u00e9rents plats.<\/p>\n<p>Ce godet en aluminium est appr\u00e9ci\u00e9 pour sa polyvalence car ils est r\u00e9sistant \u00e0 la chaleur et au froid. Vous pouvez donc conserver vos aliments au cong\u00e9lateur ainsi qu&rsquo;opter pour une cuisson au four ou faire r\u00e9chauffer votre pr\u00e9paration au micro-ondes.<\/p>\n<p>Conditionn\u00e9e par paquet de 100 barquettes en aluminium .<\/p>\n","protected":false},"featured_media":390,"comment_status":"open","ping_status":"closed","template":"","meta":[],"product_brand":[],"product_cat":[47],"product_tag":[],"class_list":{"0":"post-309","1":"product","2":"type-product","3":"status-publish","4":"has-post-thumbnail","6":"product_cat-barquettes-pots-bols","8":"first","9":"instock","10":"sale","11":"shipping-taxable","12":"purchasable","13":"product-type-simple"},"_links":{"self":[{"href":"https:\/\/new.boxy.ma\/index.php\/wp-json\/wp\/v2\/product\/309","targetHints":{"allow":["GET"]}}],"collection":[{"href":"https:\/\/new.boxy.ma\/index.php\/wp-json\/wp\/v2\/product"}],"about":[{"href":"https:\/\/new.boxy.ma\/index.php\/wp-json\/wp\/v2\/types\/product"}],"replies":[{"embeddable":true,"href":"https:\/\/new.boxy.ma\/index.php\/wp-json\/wp\/v2\/comments?post=309"}],"wp:featuredmedia":[{"embeddable":true,"href":"https:\/\/new.boxy.ma\/index.php\/wp-json\/wp\/v2\/media\/390"}],"wp:attachment":[{"href":"https:\/\/new.boxy.ma\/index.php\/wp-json\/wp\/v2\/media?parent=309"}],"wp:term":[{"taxonomy":"product_brand","embeddable":true,"href":"https:\/\/new.boxy.ma\/index.php\/wp-json\/wp\/v2\/product_brand?post=309"},{"taxonomy":"product_cat","embeddable":true,"href":"https:\/\/new.boxy.ma\/index.php\/wp-json\/wp\/v2\/product_cat?post=309"},{"taxonomy":"product_tag","embeddable":true,"href":"https:\/\/new.boxy.ma\/index.php\/wp-json\/wp\/v2\/product_tag?post=309"}],"curies":[{"name":"wp","href":"https:\/\/api.w.org\/{rel}","templated":true}]}}