{"id":288,"date":"2026-04-27T21:33:12","date_gmt":"2026-04-27T19:33:12","guid":{"rendered":"https:\/\/new.boxy.ma\/?post_type=product&#038;p=288"},"modified":"2026-04-27T21:33:26","modified_gmt":"2026-04-27T19:33:26","slug":"pot-a-pates-carton-blanc-par-50-unites","status":"publish","type":"product","link":"https:\/\/new.boxy.ma\/index.php\/produit\/pot-a-pates-carton-blanc-par-50-unites\/","title":{"rendered":"Pot a P\u00e2tes carton blanc , par 50 unites"},"content":{"rendered":"<ul>\n<li><strong>Conforme aux normes :<\/strong> CE<\/li>\n<li><strong>Dimensions :<\/strong> 16oz\/500cc<\/li>\n<li><strong>Couleur :<\/strong> blanc<\/li>\n<li><strong>Mati\u00e8re :<\/strong> carton<\/li>\n<li><strong>Carton :<\/strong> 500 unites<\/li>\n<\/ul>\n","protected":false},"excerpt":{"rendered":"<h2>Boites \u00e0 nouilles\/p\u00e2tes<\/h2>\n<p><strong>Pot \u00e0 p\u00e2tes<\/strong> carton r\u00e9sistant \u00e0 la graisse et au chaud pour la vente \u00e0 emporter de p\u00e2tes PASTA et pr\u00e9parations chaudes.<\/p>\n","protected":false},"featured_media":320,"comment_status":"open","ping_status":"closed","template":"","meta":[],"product_brand":[],"product_cat":[47],"product_tag":[48,40,41,42,49,50,51],"class_list":{"0":"post-288","1":"product","2":"type-product","3":"status-publish","4":"has-post-thumbnail","6":"product_cat-barquettes-pots-bols","7":"product_tag-bols","8":"product_tag-emballage","9":"product_tag-envases","10":"product_tag-packaging","11":"product_tag-pasta","12":"product_tag-pot","13":"product_tag-wokpackaging","15":"first","16":"instock","17":"sale","18":"shipping-taxable","19":"purchasable","20":"product-type-simple"},"_links":{"self":[{"href":"https:\/\/new.boxy.ma\/index.php\/wp-json\/wp\/v2\/product\/288","targetHints":{"allow":["GET"]}}],"collection":[{"href":"https:\/\/new.boxy.ma\/index.php\/wp-json\/wp\/v2\/product"}],"about":[{"href":"https:\/\/new.boxy.ma\/index.php\/wp-json\/wp\/v2\/types\/product"}],"replies":[{"embeddable":true,"href":"https:\/\/new.boxy.ma\/index.php\/wp-json\/wp\/v2\/comments?post=288"}],"wp:featuredmedia":[{"embeddable":true,"href":"https:\/\/new.boxy.ma\/index.php\/wp-json\/wp\/v2\/media\/320"}],"wp:attachment":[{"href":"https:\/\/new.boxy.ma\/index.php\/wp-json\/wp\/v2\/media?parent=288"}],"wp:term":[{"taxonomy":"product_brand","embeddable":true,"href":"https:\/\/new.boxy.ma\/index.php\/wp-json\/wp\/v2\/product_brand?post=288"},{"taxonomy":"product_cat","embeddable":true,"href":"https:\/\/new.boxy.ma\/index.php\/wp-json\/wp\/v2\/product_cat?post=288"},{"taxonomy":"product_tag","embeddable":true,"href":"https:\/\/new.boxy.ma\/index.php\/wp-json\/wp\/v2\/product_tag?post=288"}],"curies":[{"name":"wp","href":"https:\/\/api.w.org\/{rel}","templated":true}]}}